{"id":49,"date":"2025-04-15T10:15:33","date_gmt":"2025-04-15T10:15:33","guid":{"rendered":"https:\/\/infallible-chaplygin.82-220-37-30.plesk.page\/wordpress\/?page_id=49"},"modified":"2026-04-12T13:41:54","modified_gmt":"2026-04-12T13:41:54","slug":"gut-zu-wissen","status":"publish","type":"page","link":"https:\/\/hausvroni.com\/index.php\/gut-zu-wissen\/","title":{"rendered":"Gut zu wissen"},"content":{"rendered":"<p>[et_pb_section fb_built=&#8220;1&#8243; _builder_version=&#8220;4.27.4&#8243; _module_preset=&#8220;default&#8220; global_colors_info=&#8220;{}&#8220;][et_pb_row _builder_version=&#8220;4.27.4&#8243; _module_preset=&#8220;default&#8220; global_colors_info=&#8220;{}&#8220;][et_pb_column type=&#8220;4_4&#8243; _builder_version=&#8220;4.27.4&#8243; _module_preset=&#8220;default&#8220; global_colors_info=&#8220;{}&#8220;][et_pb_blurb title=&#8220;Gut zu wissen&#8220; admin_label=&#8220;Informationstext&#8220; _builder_version=&#8220;4.27.4&#8243; _module_preset=&#8220;default&#8220; header_text_align=&#8220;center&#8220; text_orientation=&#8220;center&#8220; global_colors_info=&#8220;{}&#8220;]<\/p>\n<p>Hier finden Sie h\u00e4ufig gestellte Fragen.<\/p>\n<p>Sollte die gesuchte Antwort nicht dabei sein, z\u00f6gern Sie nicht uns zu kontaktieren:<\/p>\n<p>tel. + 43 676 9787069 oder +<span>43 5675 6164<br \/><\/span>mail. <a href=\"mailto:info@hausvroni.com\">info@hausvroni.com<\/a><span><\/span><\/p>\n<p>&nbsp;<\/p>\n<p>[\/et_pb_blurb][et_pb_accordion open_toggle_background_color=&#8220;#ebe6e8&#8243; closed_toggle_text_color=&#8220;#FFFFFF&#8220; closed_toggle_background_color=&#8220;#675866&#8243; _builder_version=&#8220;4.27.5&#8243; _module_preset=&#8220;default&#8220; hover_enabled=&#8220;0&#8243; global_colors_info=&#8220;{}&#8220; sticky_enabled=&#8220;0&#8243;][et_pb_accordion_item title=&#8220;An- &#038; Abreise&#8220; _builder_version=&#8220;4.27.4&#8243; _module_preset=&#8220;default&#8220; global_colors_info=&#8220;{}&#8220; open=&#8220;off&#8220;]<\/p>\n<p><span>Der Bezug der Zimmer und Wohnungen ist ab 13:30 Uhr m\u00f6glich.<\/span><br \/><span>Bei Ankunft nach 18:00 Uhr bitten wir Sie uns zu benachrichtigen. Zimmerfreigabe am Abreisetag bitte bis 9:30 Uhr.<\/span><\/p>\n<p>[\/et_pb_accordion_item][et_pb_accordion_item title=&#8220;Inklusivleistungen&#8220; open=&#8220;off&#8220; _builder_version=&#8220;4.27.4&#8243; _module_preset=&#8220;default&#8220; global_colors_info=&#8220;{}&#8220;]<\/p>\n<ul>\n<li><strong>Fr\u00fchst\u00fcck<\/strong> vom Buffet t\u00e4glich von 8:00 \u2013 10:00 Uhr (im Doppelzimmer)<\/li>\n<li><strong>Morgenpost<\/strong><\/li>\n<li><strong>Alle \u00a0Ferienwohnungen und Zimmer <\/strong>haben <strong>S\u00fcd- bzw. Ostbalkon<\/strong><\/li>\n<li><strong>Safe im Zimmer oder in der Ferienwohnung<\/strong><\/li>\n<li><strong>Kinderhochst\u00fchle und Babybetten<\/strong> kostenlos<\/li>\n<li><strong>Sat-TV<\/strong><\/li>\n<li><strong>Schi- und Getr\u00e4nkeraum (<\/strong>kleine Auswahl an Getr\u00e4nken)<\/li>\n<li><strong>Schuhtrockner<\/strong><\/li>\n<li><strong>Gem\u00fctliche Sonnenterrasse <\/strong>und \u00a0kleine <strong>Liegewiese<\/strong><\/li>\n<li><strong>Haus-Sauna <\/strong>im Winter<\/li>\n<li><strong>W-Lan<\/strong><\/li>\n<li><strong>Schi- und Wanderbus<\/strong><\/li>\n<li><strong>Mautfreie Anreise<\/strong><\/li>\n<li><strong>Parkpl\u00e4tze <\/strong>direkt am Haus<\/li>\n<\/ul>\n<p>[\/et_pb_accordion_item][et_pb_accordion_item title=&#8220;Serviceleistungen&#8220; _builder_version=&#8220;4.27.4&#8243; _module_preset=&#8220;default&#8220; global_colors_info=&#8220;{}&#8220; open=&#8220;off&#8220;]<\/p>\n<p><strong>Serviceleistungen<\/strong><\/p>\n<p><strong>Um Ihren Aufenthalt so angenehm wie m\u00f6glich zu gestalten, bieten wir Ihnen im Haus Vroni zus\u00e4tzliche Serviceleistungen:<\/strong><\/p>\n<ul>\n<li>Brotservice<\/li>\n<li>Morgenpost mit t\u00e4glichem Wetterbericht und interessanten Informationen zu Veranstaltungen der Region<\/li>\n<li>Beratung f\u00fcr Ihr individuelles Wochen- &amp; Schlechtwetterprogramm<\/li>\n<li>Wanderkarten, Naturf\u00fchrer, Pflanzenb\u00fccher, die Sie f\u00fcr Ihren Wanderurlaub ben\u00f6tigen<\/li>\n<li>Kostenloser Rodelverleih<\/li>\n<li>Schuhtrockner<\/li>\n<li>Kl. Bibliothek<\/li>\n<li>Transfer zum Bahnhof<\/li>\n<\/ul>\n<p><strong>F\u00fcr einen perfekten Familienurlaub oder Urlaub mit Baby<\/strong>:<\/p>\n<ul>\n<li>Kuscheliges Kinderbett mit Kinderbettw\u00e4sche<\/li>\n<li>Hochstuhl<\/li>\n<li>Auswahl an Spielzeug, Spiele und Kinderb\u00fccher<\/li>\n<\/ul>\n<p>[\/et_pb_accordion_item][et_pb_accordion_item title=&#8220;Haus-Sauna&#8220; _builder_version=&#8220;4.27.4&#8243; _module_preset=&#8220;default&#8220; global_colors_info=&#8220;{}&#8220; open=&#8220;off&#8220;]<\/p>\n<p data-start=\"112\" data-end=\"424\">Gerade in den Wintermonaten, wenn klare Bergluft und verschneite Wege zu aktiven Tagen einladen, ist unsere kleine Haus-Sauna der perfekte Ort, um wieder aufzuw\u00e4rmen und zu entspannen. F\u00fcr unsere G\u00e4ste ist die Nutzung <strong data-start=\"330\" data-end=\"344\">kostenfrei<\/strong> \u2013 ganz unkompliziert zug\u00e4nglich, wann immer Sie einen Moment der Ruhe brauchen.<\/p>\n<p data-start=\"426\" data-end=\"689\">Der Saunabereich ist bewusst klein gehalten und l\u00e4dt mit seiner warmen Atmosph\u00e4re zum Abschalten ein. Direkt angeschlossen befindet sich ein <strong data-start=\"567\" data-end=\"591\">gem\u00fctlicher Ruheraum<\/strong>, in dem Sie nach dem Saunagang nachsp\u00fcren, lesen oder einfach in die Stille hineinhorchen k\u00f6nnen.<\/p>\n<p>[\/et_pb_accordion_item][et_pb_accordion_item title=&#8220;Kinder&#8220; _builder_version=&#8220;4.27.4&#8243; _module_preset=&#8220;default&#8220; global_colors_info=&#8220;{}&#8220; open=&#8220;off&#8220;]<\/p>\n<p><span>Kinder sind bei Unterbringung im Zimmer der Eltern frei bis zum Alter von 5 Jahren! Von 6 bis 12 Jahren erhalten Sie eine Kindererm\u00e4\u00dfigung von 50% und von 12 bis 14 Jahren ein von 25%.<\/span><\/p>\n<p>[\/et_pb_accordion_item][et_pb_accordion_item title=&#8220;Preise&#8220; _builder_version=&#8220;4.27.4&#8243; _module_preset=&#8220;default&#8220; global_colors_info=&#8220;{}&#8220; open=&#8220;off&#8220;]<\/p>\n<ul>\n<li>Die Preise in den <strong>Doppelzimmern<\/strong> verstehen sich pro Person und Tag <strong>inklusive reichhaltigem und abwechslungsreichem Fr\u00fchst\u00fccksbuffet<\/strong>.<\/li>\n<li>Die <strong>Preise der Ferienwohnungen <\/strong>sind pro Tag und Wohnung <strong>ohne Verpflegung- und <\/strong><strong>Endreinigung<\/strong>. Gerne haben Sie die M\u00f6glichkeit zum Preis von \u20ac 16,\u2013 pro Person\/Tag am Fr\u00fchst\u00fccksbuffet teilzunehmen.<\/li>\n<li><strong>F\u00fcr Kurzurlaube gilt ein anderer Preis &#8211; <\/strong>pro Person und \u00dcbernachtung zuz\u00fcglich \u20ac 6.<\/li>\n<li>Im <strong>Dreibettzimmer<\/strong> (auch Couch oder Zustellbett) erh\u00e4lt die 3. erwachsene Person <strong>10% Erm\u00e4\u00dfigung<\/strong>auf den Zimmerpreis.<\/li>\n<li>Der <strong>Einzelzimmerzuschlag im Doppelzimmer betr\u00e4gt \u20ac 15,\u2013<\/strong> pro Tag<\/li>\n<li><strong>Alle angef\u00fchrten Preise verstehen sich zuz\u00fcglich KURTAXE pro Person\/Tag<\/strong><\/li>\n<\/ul>\n<p>[\/et_pb_accordion_item][et_pb_accordion_item title=&#8220;Wie kann bezahlt werden?&#8220; _builder_version=&#8220;4.27.4&#8243; _module_preset=&#8220;default&#8220; global_colors_info=&#8220;{}&#8220; open=&#8220;off&#8220;]<\/p>\n<p>Wir akzeptieren <strong>Bargeld<\/strong> oder<strong> EC-Karte.<\/strong><\/p>\n<p>[\/et_pb_accordion_item][et_pb_accordion_item title=&#8220;Stornierung&#8220; _builder_version=&#8220;4.27.5&#8243; _module_preset=&#8220;default&#8220; hover_enabled=&#8220;0&#8243; global_colors_info=&#8220;{}&#8220; open=&#8220;on&#8220; sticky_enabled=&#8220;0&#8243;]<\/p>\n<p><strong>Wenn Ihnen etwas dazwischenkommt\u2026<\/strong><\/p>\n<p>Sie m\u00fcssen Ihren Aufenthalt bei uns absagen? Kein Problem, aber geben Sie uns bitte <strong>30 Tage<\/strong> vor Urlaubsbeginn schriftlich Bescheid, damit f\u00fcr Sie keine Kosten entstehen. Wenn Sie zwischen 15 und 30 Tagen vor Urlaubsbeginn absagen, berechnen wir Ihnen 40 % des Gesamtpreises, sind es weniger als 14 Tage, fallen 60 % an, und bei unter acht Tagen m\u00fcssen Sie die gesamten Buchungskosten tragen.<\/p>\n<p>Wir empfehlen Ihnen daher eine <strong>Reiser\u00fccktrittsversicherung<\/strong>, die Sie direkt bei uns abschlie\u00dfen k\u00f6nnen. Damit sind Sie gegen alle Eventualit\u00e4ten bestens gewappnet! Unsere Empfehlung: <span style=\"text-decoration: underline;\"><a href=\"https:\/\/start.europaeische.at\/hospl?AGN=513195\">Die Europ\u00e4ische Reiseversicherung<\/a><\/span>.<\/p>\n<p>[\/et_pb_accordion_item][et_pb_accordion_item title=&#8220;Was tun wenn wir sp\u00e4ter anreisen oder fr\u00fcher abreisen wollen?&#8220; _builder_version=&#8220;4.27.4&#8243; _module_preset=&#8220;default&#8220; global_colors_info=&#8220;{}&#8220; open=&#8220;off&#8220;]<\/p>\n<p><strong>Versp\u00e4tete Ankunft oder vorzeitige Abreise<\/strong><\/p>\n<p>F\u00fcr den Fall, dass Sie versp\u00e4tet in unserem Haus eintreffen oder vorzeitig wieder abfahren m\u00fcssen, ist dennoch der gesamte Reisepreis zu entrichten, auch wenn die gebuchten \u00dcbernachtungen nicht mehr in Anspruch genommen werden. Bitte haben Sie daf\u00fcr Verst\u00e4ndnis, da wir die Zimmer so kurzfristig nicht mehr vermieten k\u00f6nnen.<\/p>\n<p>[\/et_pb_accordion_item][\/et_pb_accordion][\/et_pb_column][\/et_pb_row][\/et_pb_section]<\/p>\n","protected":false},"excerpt":{"rendered":"<p>Hier finden Sie h\u00e4ufig gestellte Fragen. Sollte die gesuchte Antwort nicht dabei sein, z\u00f6gern Sie nicht uns zu kontaktieren: tel. + 43 676 9787069 oder +43 5675 6164mail. info@hausvroni.com &nbsp;Der Bezug der Zimmer und Wohnungen ist ab 13:30 Uhr m\u00f6glich.Bei Ankunft nach 18:00 Uhr bitten wir Sie uns zu benachrichtigen. Zimmerfreigabe am Abreisetag bitte bis [&hellip;]<\/p>\n","protected":false},"author":1,"featured_media":0,"parent":0,"menu_order":0,"comment_status":"closed","ping_status":"closed","template":"","meta":{"_et_pb_use_builder":"on","_et_pb_old_content":"","_et_gb_content_width":"","footnotes":""},"class_list":["post-49","page","type-page","status-publish","hentry"],"_links":{"self":[{"href":"https:\/\/hausvroni.com\/index.php\/wp-json\/wp\/v2\/pages\/49","targetHints":{"allow":["GET"]}}],"collection":[{"href":"https:\/\/hausvroni.com\/index.php\/wp-json\/wp\/v2\/pages"}],"about":[{"href":"https:\/\/hausvroni.com\/index.php\/wp-json\/wp\/v2\/types\/page"}],"author":[{"embeddable":true,"href":"https:\/\/hausvroni.com\/index.php\/wp-json\/wp\/v2\/users\/1"}],"replies":[{"embeddable":true,"href":"https:\/\/hausvroni.com\/index.php\/wp-json\/wp\/v2\/comments?post=49"}],"version-history":[{"count":14,"href":"https:\/\/hausvroni.com\/index.php\/wp-json\/wp\/v2\/pages\/49\/revisions"}],"predecessor-version":[{"id":737,"href":"https:\/\/hausvroni.com\/index.php\/wp-json\/wp\/v2\/pages\/49\/revisions\/737"}],"wp:attachment":[{"href":"https:\/\/hausvroni.com\/index.php\/wp-json\/wp\/v2\/media?parent=49"}],"curies":[{"name":"wp","href":"https:\/\/api.w.org\/{rel}","templated":true}]}}

<p>[et_pb_section fb_built=&#8220;1&#8243; _builder_version=&#8220;4.27.4&#8243; _module_preset=&#8220;default&#8220; global_colors_info=&#8220;{}&#8220;][et_pb_row _builder_version=&#8220;4.27.4&#8243; _module_preset=&#8220;default&#8220; global_colors_info=&#8220;{}&#8220;][et_pb_column type=&#8220;4_4&#8243; _builder_version=&#8220;4.27.4&#8243; _module_preset=&#8220;default&#8220; global_colors_info=&#8220;{}&#8220;][et_pb_blurb title=&#8220;Gut zu wissen&#8220; admin_label=&#8220;Informationstext&#8220; _builder_version=&#8220;4.27.4&#8243; _module_preset=&#8220;default&#8220; header_text_align=&#8220;center&#8220; text_orientation=&#8220;center&#8220; global_colors_info=&#8220;{}&#8220;]</p>
<p>Hier finden Sie häufig gestellte Fragen.</p>
<p>Sollte die gesuchte Antwort nicht dabei sein, zögern Sie nicht uns zu kontaktieren:</p>
<p>tel. + 43 676 9787069 oder +<span>43 5675 6164<br /></span>mail. <a href="mailto:info@hausvroni.com">info@hausvroni.com</a><span></span></p>
<p>&nbsp;</p>
<p>[/et_pb_blurb][et_pb_accordion open_toggle_background_color=&#8220;#ebe6e8&#8243; closed_toggle_text_color=&#8220;#FFFFFF&#8220; closed_toggle_background_color=&#8220;#675866&#8243; _builder_version=&#8220;4.27.5&#8243; _module_preset=&#8220;default&#8220; hover_enabled=&#8220;0&#8243; global_colors_info=&#8220;{}&#8220; sticky_enabled=&#8220;0&#8243;][et_pb_accordion_item title=&#8220;An- &#038; Abreise&#8220; _builder_version=&#8220;4.27.4&#8243; _module_preset=&#8220;default&#8220; global_colors_info=&#8220;{}&#8220; open=&#8220;off&#8220;]</p>
<p><span>Der Bezug der Zimmer und Wohnungen ist ab 13:30 Uhr möglich.</span><br /><span>Bei Ankunft nach 18:00 Uhr bitten wir Sie uns zu benachrichtigen. Zimmerfreigabe am Abreisetag bitte bis 9:30 Uhr.</span></p>
<p>[/et_pb_accordion_item][et_pb_accordion_item title=&#8220;Inklusivleistungen&#8220; open=&#8220;off&#8220; _builder_version=&#8220;4.27.4&#8243; _module_preset=&#8220;default&#8220; global_colors_info=&#8220;{}&#8220;]</p>
<ul>
<li><strong>Frühstück</strong> vom Buffet täglich von 8:00 – 10:00 Uhr (im Doppelzimmer)</li>
<li><strong>Morgenpost</strong></li>
<li><strong>Alle  Ferienwohnungen und Zimmer </strong>haben <strong>Süd- bzw. Ostbalkon</strong></li>
<li><strong>Safe im Zimmer oder in der Ferienwohnung</strong></li>
<li><strong>Kinderhochstühle und Babybetten</strong> kostenlos</li>
<li><strong>Sat-TV</strong></li>
<li><strong>Schi- und Getränkeraum (</strong>kleine Auswahl an Getränken)</li>
<li><strong>Schuhtrockner</strong></li>
<li><strong>Gemütliche Sonnenterrasse </strong>und  kleine <strong>Liegewiese</strong></li>
<li><strong>Haus-Sauna </strong>im Winter</li>
<li><strong>W-Lan</strong></li>
<li><strong>Schi- und Wanderbus</strong></li>
<li><strong>Mautfreie Anreise</strong></li>
<li><strong>Parkplätze </strong>direkt am Haus</li>
</ul>
<p>[/et_pb_accordion_item][et_pb_accordion_item title=&#8220;Serviceleistungen&#8220; _builder_version=&#8220;4.27.4&#8243; _module_preset=&#8220;default&#8220; global_colors_info=&#8220;{}&#8220; open=&#8220;off&#8220;]</p>
<p><strong>Serviceleistungen</strong></p>
<p><strong>Um Ihren Aufenthalt so angenehm wie möglich zu gestalten, bieten wir Ihnen im Haus Vroni zusätzliche Serviceleistungen:</strong></p>
<ul>
<li>Brotservice</li>
<li>Morgenpost mit täglichem Wetterbericht und interessanten Informationen zu Veranstaltungen der Region</li>
<li>Beratung für Ihr individuelles Wochen- &amp; Schlechtwetterprogramm</li>
<li>Wanderkarten, Naturführer, Pflanzenbücher, die Sie für Ihren Wanderurlaub benötigen</li>
<li>Kostenloser Rodelverleih</li>
<li>Schuhtrockner</li>
<li>Kl. Bibliothek</li>
<li>Transfer zum Bahnhof</li>
</ul>
<p><strong>Für einen perfekten Familienurlaub oder Urlaub mit Baby</strong>:</p>
<ul>
<li>Kuscheliges Kinderbett mit Kinderbettwäsche</li>
<li>Hochstuhl</li>
<li>Auswahl an Spielzeug, Spiele und Kinderbücher</li>
</ul>
<p>[/et_pb_accordion_item][et_pb_accordion_item title=&#8220;Haus-Sauna&#8220; _builder_version=&#8220;4.27.4&#8243; _module_preset=&#8220;default&#8220; global_colors_info=&#8220;{}&#8220; open=&#8220;off&#8220;]</p>
<p data-start="112" data-end="424">Gerade in den Wintermonaten, wenn klare Bergluft und verschneite Wege zu aktiven Tagen einladen, ist unsere kleine Haus-Sauna der perfekte Ort, um wieder aufzuwärmen und zu entspannen. Für unsere Gäste ist die Nutzung <strong data-start="330" data-end="344">kostenfrei</strong> – ganz unkompliziert zugänglich, wann immer Sie einen Moment der Ruhe brauchen.</p>
<p data-start="426" data-end="689">Der Saunabereich ist bewusst klein gehalten und lädt mit seiner warmen Atmosphäre zum Abschalten ein. Direkt angeschlossen befindet sich ein <strong data-start="567" data-end="591">gemütlicher Ruheraum</strong>, in dem Sie nach dem Saunagang nachspüren, lesen oder einfach in die Stille hineinhorchen können.</p>
<p>[/et_pb_accordion_item][et_pb_accordion_item title=&#8220;Kinder&#8220; _builder_version=&#8220;4.27.4&#8243; _module_preset=&#8220;default&#8220; global_colors_info=&#8220;{}&#8220; open=&#8220;off&#8220;]</p>
<p><span>Kinder sind bei Unterbringung im Zimmer der Eltern frei bis zum Alter von 5 Jahren! Von 6 bis 12 Jahren erhalten Sie eine Kinderermäßigung von 50% und von 12 bis 14 Jahren ein von 25%.</span></p>
<p>[/et_pb_accordion_item][et_pb_accordion_item title=&#8220;Preise&#8220; _builder_version=&#8220;4.27.4&#8243; _module_preset=&#8220;default&#8220; global_colors_info=&#8220;{}&#8220; open=&#8220;off&#8220;]</p>
<ul>
<li>Die Preise in den <strong>Doppelzimmern</strong> verstehen sich pro Person und Tag <strong>inklusive reichhaltigem und abwechslungsreichem Frühstücksbuffet</strong>.</li>
<li>Die <strong>Preise der Ferienwohnungen </strong>sind pro Tag und Wohnung <strong>ohne Verpflegung- und </strong><strong>Endreinigung</strong>. Gerne haben Sie die Möglichkeit zum Preis von € 16,– pro Person/Tag am Frühstücksbuffet teilzunehmen.</li>
<li><strong>Für Kurzurlaube gilt ein anderer Preis &#8211; </strong>pro Person und Übernachtung zuzüglich € 6.</li>
<li>Im <strong>Dreibettzimmer</strong> (auch Couch oder Zustellbett) erhält die 3. erwachsene Person <strong>10% Ermäßigung</strong>auf den Zimmerpreis.</li>
<li>Der <strong>Einzelzimmerzuschlag im Doppelzimmer beträgt € 15,–</strong> pro Tag</li>
<li><strong>Alle angeführten Preise verstehen sich zuzüglich KURTAXE pro Person/Tag</strong></li>
</ul>
<p>[/et_pb_accordion_item][et_pb_accordion_item title=&#8220;Wie kann bezahlt werden?&#8220; _builder_version=&#8220;4.27.4&#8243; _module_preset=&#8220;default&#8220; global_colors_info=&#8220;{}&#8220; open=&#8220;off&#8220;]</p>
<p>Wir akzeptieren <strong>Bargeld</strong> oder<strong> EC-Karte.</strong></p>
<p>[/et_pb_accordion_item][et_pb_accordion_item title=&#8220;Stornierung&#8220; _builder_version=&#8220;4.27.5&#8243; _module_preset=&#8220;default&#8220; hover_enabled=&#8220;0&#8243; global_colors_info=&#8220;{}&#8220; open=&#8220;on&#8220; sticky_enabled=&#8220;0&#8243;]</p>
<p><strong>Wenn Ihnen etwas dazwischenkommt…</strong></p>
<p>Sie müssen Ihren Aufenthalt bei uns absagen? Kein Problem, aber geben Sie uns bitte <strong>30 Tage</strong> vor Urlaubsbeginn schriftlich Bescheid, damit für Sie keine Kosten entstehen. Wenn Sie zwischen 15 und 30 Tagen vor Urlaubsbeginn absagen, berechnen wir Ihnen 40 % des Gesamtpreises, sind es weniger als 14 Tage, fallen 60 % an, und bei unter acht Tagen müssen Sie die gesamten Buchungskosten tragen.</p>
<p>Wir empfehlen Ihnen daher eine <strong>Reiserücktrittsversicherung</strong>, die Sie direkt bei uns abschließen können. Damit sind Sie gegen alle Eventualitäten bestens gewappnet! Unsere Empfehlung: <span style="text-decoration: underline;"><a href="https://start.europaeische.at/hospl?AGN=513195">Die Europäische Reiseversicherung</a></span>.</p>
<p>[/et_pb_accordion_item][et_pb_accordion_item title=&#8220;Was tun wenn wir später anreisen oder früher abreisen wollen?&#8220; _builder_version=&#8220;4.27.4&#8243; _module_preset=&#8220;default&#8220; global_colors_info=&#8220;{}&#8220; open=&#8220;off&#8220;]</p>
<p><strong>Verspätete Ankunft oder vorzeitige Abreise</strong></p>
<p>Für den Fall, dass Sie verspätet in unserem Haus eintreffen oder vorzeitig wieder abfahren müssen, ist dennoch der gesamte Reisepreis zu entrichten, auch wenn die gebuchten Übernachtungen nicht mehr in Anspruch genommen werden. Bitte haben Sie dafür Verständnis, da wir die Zimmer so kurzfristig nicht mehr vermieten können.</p>
<p>[/et_pb_accordion_item][/et_pb_accordion][/et_pb_column][/et_pb_row][/et_pb_section]</p>

<p>Hier finden Sie häufig gestellte Fragen. Sollte die gesuchte Antwort nicht dabei sein, zögern Sie nicht uns zu kontaktieren: tel. + 43 676 9787069 oder +43 5675 6164mail. info@hausvroni.com &nbsp;Der Bezug der Zimmer und Wohnungen ist ab 13:30 Uhr möglich.Bei Ankunft nach 18:00 Uhr bitten wir Sie uns zu benachrichtigen. Zimmerfreigabe am Abreisetag bitte bis [&hellip;]</p>
