{"id":60,"date":"2025-04-15T11:41:46","date_gmt":"2025-04-15T11:41:46","guid":{"rendered":"https:\/\/infallible-chaplygin.82-220-37-30.plesk.page\/wordpress\/?page_id=60"},"modified":"2025-11-27T14:28:57","modified_gmt":"2025-11-27T14:28:57","slug":"gutscheine","status":"publish","type":"page","link":"https:\/\/hausvroni.com\/index.php\/zimmer-ferienwohnungen\/gutscheine\/","title":{"rendered":"Gutscheine"},"content":{"rendered":"<p>[et_pb_section fb_built=&#8220;1&#8243; _builder_version=&#8220;4.27.4&#8243; _module_preset=&#8220;default&#8220; global_colors_info=&#8220;{}&#8220;][et_pb_row _builder_version=&#8220;4.27.4&#8243; _module_preset=&#8220;default&#8220; global_colors_info=&#8220;{}&#8220;][et_pb_column type=&#8220;4_4&#8243; _builder_version=&#8220;4.27.4&#8243; _module_preset=&#8220;default&#8220; global_colors_info=&#8220;{}&#8220;][et_pb_blurb title=&#8220;Schenken Sie Vorfreude &#8211; Ihr Urlaubsgutschein vom Haus Vroni&#8220; content_max_width=&#8220;1100px&#8220; _builder_version=&#8220;4.27.4&#8243; _module_preset=&#8220;default&#8220; header_text_align=&#8220;center&#8220; body_text_align=&#8220;center&#8220; text_orientation=&#8220;center&#8220; width=&#8220;100%&#8220; hover_enabled=&#8220;0&#8243; global_colors_info=&#8220;{}&#8220; sticky_enabled=&#8220;0&#8243;]<\/p>\n<p data-start=\"843\" data-end=\"1096\" class=\"\">Ein paar Tage Auszeit in den Bergen, Zeit zum Durchatmen, Natur genie\u00dfen und neue Energie tanken \u2013 wer w\u00fcrde sich dar\u00fcber nicht freuen? Mit einem Gutschein f\u00fcr das Haus Vroni im Tannheimer Tal schenken Sie nicht nur Urlaub, sondern echte Wohlf\u00fchlmomente.<\/p>\n<p data-start=\"1098\" data-end=\"1289\" class=\"\">Ob zum Geburtstag, zu Weihnachten, zum Jubil\u00e4um oder einfach als kleine Aufmerksamkeit zwischendurch \u2013 unsere Wertgutscheine sind das perfekte Geschenk f\u00fcr alle, die gerne in den Bergen sind.<\/p>\n<h5 data-start=\"1291\" data-end=\"1321\">So einfach funktioniert&#8217;s:<\/h5>\n<p data-start=\"1323\" data-end=\"1553\" class=\"\">\u2013 Unsere Gutscheine sind <strong data-start=\"1348\" data-end=\"1374\">wertm\u00e4\u00dfig frei w\u00e4hlbar<\/strong><br data-start=\"1374\" data-end=\"1377\" \/>\u2013 Sie sind f\u00fcr <strong data-start=\"1392\" data-end=\"1422\">Zimmer und Ferienwohnungen<\/strong> einl\u00f6sbar<br data-start=\"1432\" data-end=\"1435\" \/>\u2013 G\u00fcltig auf alle Direktbuchungen im Haus Vroni<br data-start=\"1482\" data-end=\"1485\" \/>\u2013 Auf Wunsch personalisieren wir den Gutschein mit Namen und Widmung<\/p>\n<p data-start=\"1555\" data-end=\"1636\" class=\"\">Sie erhalten den Gutschein entweder per <strong data-start=\"1595\" data-end=\"1603\">Post<\/strong> oder als <strong data-start=\"1613\" data-end=\"1635\">PDF zum Ausdrucken<\/strong>.<\/p>\n<h5 data-start=\"1638\" data-end=\"1667\">Jetzt Gutschein bestellen<\/h5>\n<p data-start=\"1669\" data-end=\"1845\" class=\"\">Schreiben Sie uns einfach eine E-Mail an <strong><a data-start=\"1710\" data-end=\"1757\" href=\"mailto:info@hausvroni.com\">info@hausvroni.com<\/a><\/strong> oder rufen Sie uns an unter <a href=\"tel:+436769787069\">+43 676 9789069<\/a> oder \u00a0<a href=\"tel:+4356756164\"><strong data-start=\"1786\" data-end=\"1803\">+43 5675 6164<\/strong><\/a>\u00a0\u2013 wir k\u00fcmmern uns gerne um alles Weitere!<\/p>\n<p>[\/et_pb_blurb][\/et_pb_column][\/et_pb_row][et_pb_row _builder_version=&#8220;4.27.4&#8243; _module_preset=&#8220;default&#8220; global_colors_info=&#8220;{}&#8220;][et_pb_column type=&#8220;4_4&#8243; _builder_version=&#8220;4.27.4&#8243; _module_preset=&#8220;default&#8220; global_colors_info=&#8220;{}&#8220;][et_pb_contact_form email=&#8220;info@hausvroni.com&#8220; title=&#8220;&#8230;oder schreiben Sie uns gerne hier Ihren Bestellwunsch!&#8220; success_message=&#8220;Vielen Dank f\u00fcr Ihre Nachricht &#8211; Sie erhalten schnellstm\u00f6glich eine R\u00fcckmeldung von uns!&#8220; submit_button_text=&#8220;Gutschein bestellen&#8220; _builder_version=&#8220;4.27.4&#8243; _module_preset=&#8220;default&#8220; _unique_id=&#8220;54af4953-fa0d-4222-929c-c653c50851d0&#8243; title_level=&#8220;h5&#8243; title_text_color=&#8220;#677a5e&#8220; custom_button=&#8220;on&#8220; button_text_color=&#8220;#677a5e&#8220; button_border_color=&#8220;#677a5e&#8220; button_border_radius=&#8220;10px&#8220; global_colors_info=&#8220;{}&#8220;][et_pb_contact_field field_id=&#8220;Name&#8220; field_title=&#8220;Name&#8220; _builder_version=&#8220;4.16&#8243; global_colors_info=&#8220;{}&#8220; button_text_size__hover_enabled=&#8220;off&#8220; button_one_text_size__hover_enabled=&#8220;off&#8220; button_two_text_size__hover_enabled=&#8220;off&#8220; button_text_color__hover_enabled=&#8220;off&#8220; button_one_text_color__hover_enabled=&#8220;off&#8220; button_two_text_color__hover_enabled=&#8220;off&#8220; button_border_width__hover_enabled=&#8220;off&#8220; button_one_border_width__hover_enabled=&#8220;off&#8220; button_two_border_width__hover_enabled=&#8220;off&#8220; button_border_color__hover_enabled=&#8220;off&#8220; button_one_border_color__hover_enabled=&#8220;off&#8220; button_two_border_color__hover_enabled=&#8220;off&#8220; button_border_radius__hover_enabled=&#8220;off&#8220; button_one_border_radius__hover_enabled=&#8220;off&#8220; button_two_border_radius__hover_enabled=&#8220;off&#8220; button_letter_spacing__hover_enabled=&#8220;off&#8220; button_one_letter_spacing__hover_enabled=&#8220;off&#8220; button_two_letter_spacing__hover_enabled=&#8220;off&#8220; button_bg_color__hover_enabled=&#8220;off&#8220; button_one_bg_color__hover_enabled=&#8220;off&#8220; button_two_bg_color__hover_enabled=&#8220;off&#8220;][\/et_pb_contact_field][et_pb_contact_field field_id=&#8220;Email&#8220; field_title=&#8220;E-Mail-Adresse&#8220; field_type=&#8220;email&#8220; _builder_version=&#8220;4.16&#8243; global_colors_info=&#8220;{}&#8220; button_text_size__hover_enabled=&#8220;off&#8220; button_one_text_size__hover_enabled=&#8220;off&#8220; button_two_text_size__hover_enabled=&#8220;off&#8220; button_text_color__hover_enabled=&#8220;off&#8220; button_one_text_color__hover_enabled=&#8220;off&#8220; button_two_text_color__hover_enabled=&#8220;off&#8220; button_border_width__hover_enabled=&#8220;off&#8220; button_one_border_width__hover_enabled=&#8220;off&#8220; button_two_border_width__hover_enabled=&#8220;off&#8220; button_border_color__hover_enabled=&#8220;off&#8220; button_one_border_color__hover_enabled=&#8220;off&#8220; button_two_border_color__hover_enabled=&#8220;off&#8220; button_border_radius__hover_enabled=&#8220;off&#8220; button_one_border_radius__hover_enabled=&#8220;off&#8220; button_two_border_radius__hover_enabled=&#8220;off&#8220; button_letter_spacing__hover_enabled=&#8220;off&#8220; button_one_letter_spacing__hover_enabled=&#8220;off&#8220; button_two_letter_spacing__hover_enabled=&#8220;off&#8220; button_bg_color__hover_enabled=&#8220;off&#8220; button_one_bg_color__hover_enabled=&#8220;off&#8220; button_two_bg_color__hover_enabled=&#8220;off&#8220;][\/et_pb_contact_field][et_pb_contact_field field_id=&#8220;Message&#8220; field_title=&#8220;Nachricht&#8220; field_type=&#8220;text&#8220; fullwidth_field=&#8220;on&#8220; _builder_version=&#8220;4.27.4&#8243; global_colors_info=&#8220;{}&#8220; button_text_size__hover_enabled=&#8220;off&#8220; button_one_text_size__hover_enabled=&#8220;off&#8220; button_two_text_size__hover_enabled=&#8220;off&#8220; button_text_color__hover_enabled=&#8220;off&#8220; button_one_text_color__hover_enabled=&#8220;off&#8220; button_two_text_color__hover_enabled=&#8220;off&#8220; button_border_width__hover_enabled=&#8220;off&#8220; button_one_border_width__hover_enabled=&#8220;off&#8220; button_two_border_width__hover_enabled=&#8220;off&#8220; button_border_color__hover_enabled=&#8220;off&#8220; button_one_border_color__hover_enabled=&#8220;off&#8220; button_two_border_color__hover_enabled=&#8220;off&#8220; button_border_radius__hover_enabled=&#8220;off&#8220; button_one_border_radius__hover_enabled=&#8220;off&#8220; button_two_border_radius__hover_enabled=&#8220;off&#8220; button_letter_spacing__hover_enabled=&#8220;off&#8220; button_one_letter_spacing__hover_enabled=&#8220;off&#8220; button_two_letter_spacing__hover_enabled=&#8220;off&#8220; button_bg_color__hover_enabled=&#8220;off&#8220; button_one_bg_color__hover_enabled=&#8220;off&#8220; button_two_bg_color__hover_enabled=&#8220;off&#8220;][\/et_pb_contact_field][\/et_pb_contact_form][\/et_pb_column][\/et_pb_row][\/et_pb_section]<\/p>\n","protected":false},"excerpt":{"rendered":"<p>Ein paar Tage Auszeit in den Bergen, Zeit zum Durchatmen, Natur genie\u00dfen und neue Energie tanken \u2013 wer w\u00fcrde sich dar\u00fcber nicht freuen? Mit einem Gutschein f\u00fcr das Haus Vroni im Tannheimer Tal schenken Sie nicht nur Urlaub, sondern echte Wohlf\u00fchlmomente. Ob zum Geburtstag, zu Weihnachten, zum Jubil\u00e4um oder einfach als kleine Aufmerksamkeit zwischendurch \u2013 [&hellip;]<\/p>\n","protected":false},"author":1,"featured_media":0,"parent":43,"menu_order":0,"comment_status":"closed","ping_status":"closed","template":"","meta":{"_et_pb_use_builder":"on","_et_pb_old_content":"","_et_gb_content_width":"","footnotes":""},"class_list":["post-60","page","type-page","status-publish","hentry"],"_links":{"self":[{"href":"https:\/\/hausvroni.com\/index.php\/wp-json\/wp\/v2\/pages\/60","targetHints":{"allow":["GET"]}}],"collection":[{"href":"https:\/\/hausvroni.com\/index.php\/wp-json\/wp\/v2\/pages"}],"about":[{"href":"https:\/\/hausvroni.com\/index.php\/wp-json\/wp\/v2\/types\/page"}],"author":[{"embeddable":true,"href":"https:\/\/hausvroni.com\/index.php\/wp-json\/wp\/v2\/users\/1"}],"replies":[{"embeddable":true,"href":"https:\/\/hausvroni.com\/index.php\/wp-json\/wp\/v2\/comments?post=60"}],"version-history":[{"count":6,"href":"https:\/\/hausvroni.com\/index.php\/wp-json\/wp\/v2\/pages\/60\/revisions"}],"predecessor-version":[{"id":682,"href":"https:\/\/hausvroni.com\/index.php\/wp-json\/wp\/v2\/pages\/60\/revisions\/682"}],"up":[{"embeddable":true,"href":"https:\/\/hausvroni.com\/index.php\/wp-json\/wp\/v2\/pages\/43"}],"wp:attachment":[{"href":"https:\/\/hausvroni.com\/index.php\/wp-json\/wp\/v2\/media?parent=60"}],"curies":[{"name":"wp","href":"https:\/\/api.w.org\/{rel}","templated":true}]}}